{"id":169,"date":"2023-10-22T10:34:20","date_gmt":"2023-10-22T10:34:20","guid":{"rendered":"https:\/\/salonypartnerskie.pl\/?page_id=169"},"modified":"2023-10-22T14:04:33","modified_gmt":"2023-10-22T14:04:33","slug":"elementor-169","status":"publish","type":"page","link":"https:\/\/salonypartnerskie.pl\/?page_id=169","title":{"rendered":"POLITYKA PRYWATNO\u015aCI"},"content":{"rendered":"\t\t<div data-elementor-type=\"wp-page\" data-elementor-id=\"169\" class=\"elementor elementor-169\">\n\t\t\t\t<div class=\"elementor-element elementor-element-741eeb2 e-flex e-con-boxed e-con e-parent\" data-id=\"741eeb2\" data-element_type=\"container\">\n\t\t\t\t\t<div class=\"e-con-inner\">\n\t\t\t\t<div class=\"elementor-element elementor-element-a2d03e6 elementor-widget elementor-widget-text-editor\" data-id=\"a2d03e6\" data-element_type=\"widget\" data-widget_type=\"text-editor.default\">\n\t\t\t\t<div class=\"elementor-widget-container\">\n\t\t\t\t\t\t\t<p>POLITYKA PRYWATNO\u015aCI<\/p><p>Niniejsza Polityka prywatno\u015bci okre\u015bla zasady pobierania i gromadzenia oraz przetwarzania<\/p><p>i wykorzystywania danych osobowych pozyskanych od Pa\u0144stwa przez VYNN GROUP Sp\u00f3\u0142ka z ograniczon\u0105 odpowiedzialno\u015bci\u0105 z siedzib\u0105 w Wilczej G\u00f3rze, 05-506, ul. \u017bwirowa 18, wpisan\u0105 do rejestru przedsi\u0119biorc\u00f3w prowadzonego przez S\u0105d Rejonowy dla m.st. Warszawy w Warszawie, XIV Wydzia\u0142 Gospodarczy Krajowego Rejestru S\u0105dowego pod numerem KRS 0000583693, NIP: 1231305415, REGON: 362887681, kapita\u0142 zak\u0142adowy: 100.000,00 PLN (zwan\u0105 Administratorem).<\/p><p>Administrator dok\u0142ada wszelkich stara\u0144 w celu zapewnienia poszanowania Pa\u0144stwa prywatno\u015bci i ochrony udzielonych informacji osobowych oraz\u00a0 podejmuje w tym celu wszelkie niezb\u0119dne dzia\u0142ania, szczeg\u00f3lnie poprzez zapewnienie przestrzegania przepis\u00f3w reguluj\u0105cych w jaki spos\u00f3b mo\u017cna zbiera\u0107, zarz\u0105dza\u0107, przechowywa\u0107 oraz wykorzystywa\u0107 dane osobowe, wskazanych w Rozporz\u0105dzeniu Parlamentu Europejskiego i Rady (UE) 2016\/679 z dnia 27.04.2016 r. w sprawie ochrony os\u00f3b fizycznych w zwi\u0105zku z przetwarzaniem danych osobowych i w sprawie swobodnego przep\u0142ywu takich danych oraz uchylenia dyrektywy 95\/46\/WE (okre\u015blane jako \u201eRODO\u201d).<\/p><p>CELE I PODSTAWY PRZETWARZANIA PA\u0143STWA DANYCH OSOBOWYCH<\/p><p>Dane s\u0105 przetwarzane celem rozpocz\u0119cia wsp\u00f3\u0142pracy, kt\u00f3rej Pa\u0144stwo s\u0105 stron\u0105 lub podj\u0119cia dzia\u0142a\u0144 przed rozpocz\u0119ciem wsp\u00f3\u0142pracy, tj. przyst\u0105pienie do programu partnerskiego, na podstawie art. 6 ust. 1b oraz 1f RODO. Odmowa podania danych w zakresie niezb\u0119dnym wskazanym na formularzu uniemo\u017cliwi kontakt z Pa\u0144stwem ze strony Administratora, a tym samym podj\u0119cie wsp\u00f3\u0142pracy.<\/p><p>Przetwarzanie jest niezb\u0119dne do cel\u00f3w wynikaj\u0105cych z prawnie uzasadnionego interesu Administratora, w szczeg\u00f3lno\u015bci prowadzenia niezb\u0119dnej dokumentacji, obronie praw oraz archiwizacji, co b\u0119dzie wynika\u0142o z prawnie uzasadnionego interesu Administratora na podstawie art. 6 ust. 1 lit. f RODO. Dodatkowo Administrator przetwarza dane na podstawie art. 6 ust. 1f RODO celem udzielenia wsparcia technicznego oraz celem zbierania i prowadzenia statystyk, w tym popularno\u015bci poszczeg\u00f3lnych produkt\u00f3w i trend\u00f3w, oraz monitorowania ruchu na stronie, celem zapewnienia Pa\u0144stwu bezpiecze\u0144stwa i komfortu korzystania.<\/p><p>Dodatkowo, w przypadku wyra\u017cenia zg\u00f3d na przetwarzanie danych na podstawie art. 6 ust. 1a, dane s\u0105 przetwarzane celem podj\u0119cia dzia\u0142a\u0144 marketingowych. Podanie danych jest ca\u0142kowicie opcjonalne, a odmowa ich podania nie wp\u0142ywa na podj\u0119cie wsp\u00f3\u0142pracy, w kt\u00f3rej mowa powy\u017cej. Zgoda mo\u017ce zosta\u0107 cofni\u0119ta w dowolnym momencie, przy czym cofni\u0119cie pozostaje bez wp\u0142ywu na zgodno\u015b\u0107 z prawem przetwarzania, kt\u00f3rego dokonano na podstawie zgody przed jej takowym cofni\u0119ciem. Podanie danych w tym zakresie jest ca\u0142kowicie opcjonalne, a odmowa ich podania nie wp\u0142ywa na zawarcie lub wykonywanie wsp\u00f3\u0142pracy.<\/p><p>W jaki spos\u00f3b mo\u017cecie Pa\u0144stwo korzysta\u0107 z przys\u0142uguj\u0105cych praw?<\/p><p>Macie Pa\u0144stwo prawo:<\/p><ul><li>dost\u0119pu do tre\u015bci swoich danych,<\/li><li>sprostowania nieprawid\u0142owych lub niekompletnych danych,<\/li><li>\u017c\u0105dania usuni\u0119cia danych osobowych:<ul><li>gdy dane nie s\u0105 ju\u017c niezb\u0119dne do cel\u00f3w, dla kt\u00f3rych by\u0142y zebrane lub w inny spos\u00f3b przetwarzane,<\/li><li>gdy osoba, kt\u00f3rej dane dotycz\u0105, wnios\u0142a sprzeciw wobec przetwarzania danych,<\/li><li>gdy osoba, kt\u00f3rej dane dotycz\u0105, cofn\u0119\u0142a zgod\u0119, na kt\u00f3rej opiera si\u0119 przetwarzanie i nie ma innej podstawy prawnej przetwarzania,<\/li><li>gdy dane przetwarzane s\u0105 niezgodnie z prawem,<\/li><li>gdy dane musz\u0105 by\u0107 usuni\u0119te w celu wywi\u0105zania si\u0119 z obowi\u0105zku wynikaj\u0105cego z przepis\u00f3w prawa,<\/li><\/ul><\/li><li>\u017c\u0105dania ograniczenia przetwarzania danych osobowych:<ul><li>gdy osoba, kt\u00f3rej dane dotycz\u0105, kwestionuje prawid\u0142owo\u015b\u0107 danych osobowych,<\/li><li>gdy przetwarzanie danych jest niezgodne z prawem, a osoba, kt\u00f3rej dane dotycz\u0105, sprzeciwia si\u0119 usuni\u0119ciu danych, \u017c\u0105daj\u0105c w zamian ich ograniczenia, administrator nie potrzebuje ju\u017c danych dla swoich cel\u00f3w, ale osoba, kt\u00f3rej dane dotycz\u0105, potrzebuje ich do ustalenia, obrony lub dochodzenia roszcze\u0144,<\/li><li>gdy osoba, kt\u00f3rej dane dotycz\u0105, wnios\u0142a sprzeciw wobec przetwarzania danych do czasu ustalenia, czy prawnie uzasadnione podstawy po stronie administratora s\u0105 nadrz\u0119dne wobec podstawy sprzeciwu,<\/li><\/ul><\/li><li>przeniesienia danych do innego administratora lub do Pa\u0144stwa,<\/li><li>cofni\u0119cia zgody w dowolnym momencie, je\u015bli zgoda zosta\u0142a udzielona,<\/li><li>wniesienia skargi do Prezesa Urz\u0119du Ochrony Danych Osobowych na naruszenia przepis\u00f3w o ochronie danych osobowych.<\/li><\/ul><p>UDOST\u0118PNIENIE DANYCH<\/p><p>Dane udost\u0119pnione przez Pa\u0144stwa nie b\u0119d\u0105 podlega\u0142y udost\u0119pnieniu podmiotom trzecim<\/p><p>za wyj\u0105tkiem:<\/p><ul><li>podmiot\u00f3w uczestnicz\u0105cych w procesach niezb\u0119dnych do wykonania wsp\u00f3\u0142pracy, us\u0142ug p\u0142atniczych, us\u0142ug \u015bwiadczonych drog\u0105 elektroniczn\u0105 oraz us\u0142ug pocztowych i kurierskich,<\/li><li>wsp\u00f3\u0142pracownik\u00f3w \u015bwiadcz\u0105cych us\u0142ugi zwi\u0105zane w szczeg\u00f3lno\u015bci z bezpo\u015bredni\u0105 obs\u0142ug\u0105 Pa\u0144stwa oraz \u015bwiadcz\u0105cym us\u0142ugi informatyczne,<\/li><li>organ\u00f3w w\u0142adzy publicznej lub podmiot\u00f3w wykonuj\u0105cych zadania publiczne,<\/li><li>innych zgodnie z udzielon\u0105 zgod\u0105.<\/li><\/ul><p>PRZECHOWYWANIE I PRZETWARZANIE DANYCH<\/p><p>Administrator dok\u0142ada wszelkich mo\u017cliwych stara\u0144, aby zabezpieczy\u0107 Pa\u0144stwa dane i ochroni\u0107 je przed dzia\u0142aniami os\u00f3b trzecich, spe\u0142niaj\u0105c wszelkie przewidziane prawnie wymagania, a w szczeg\u00f3lno\u015bci przes\u0142anki wskazane w RODO.<\/p><p>Administrator nie zamierza dokonywa\u0107 zautomatyzowanego podejmowania decyzji, w tym profilowania.<\/p><p>Administrator danych nie ma zamiaru przekazywa\u0107 danych osobowych do pa\u0144stwa trzeciego lub organizacji mi\u0119dzynarodowej.<\/p><p>Dane osobowe b\u0119d\u0105 przechowywane przez okres niezb\u0119dny do wsp\u00f3\u0142pracy w ramach programu, a po tym czasie przez okres i w zakresie wymaganym przez przepisy prawa (szczeg\u00f3lnie dotycz\u0105ce obowi\u0105zku przechowywania dokumentacji) oraz okres, po kt\u00f3rym przedawni\u0105 si\u0119 roszczenia wynikaj\u0105ce ze wsp\u00f3\u0142pracy (tj. 3 lata licz\u0105c od ko\u0144ca roku, w kt\u00f3rym nast\u0105pi\u0142o rozwi\u0105zanie wsp\u00f3\u0142pracy zwi\u0105zanej z prowadzeniem dzia\u0142alno\u015bci gospodarczej z uwagi na brzmienie art. 118 Kodeksu Cywilnego).<\/p><p>Je\u015bli nie dosz\u0142o do nawi\u0105zania wsp\u00f3\u0142pracy, Administrator usunie Pa\u0144stwa dane w ci\u0105gu 14 dni od momentu informacji o braku wsp\u00f3\u0142pracy z Pa\u0144stwem.<\/p><p>W przypadku danych statystycznych, Administrator b\u0119dzie przechowywa\u0107 dane przez okres roku.<\/p><p>W przypadku zgody marketingowej, dane b\u0119d\u0105 przetrzymywane przez okres obowi\u0105zywania zgody, a po cofni\u0119ciu takowej, przez okres 14 dni.<\/p><p>PYTANIA I ZASTRZE\u017bENIA<\/p><p>Pytania i zastrze\u017cenia dotycz\u0105ce niniejszej Polityki prywatno\u015bci mog\u0105 by\u0107 przez Pa\u0144stwa kierowane na adres: <a href=\"mailto:bok@victoriavynn.com\">bok@victoriavynn.com<\/a><\/p><p>Polityka jest na bie\u017c\u0105co weryfikowana i w razie potrzeby aktualizowana. Zastrzegamy sobie prawo aktualizacji i zmiany polityki prywatno\u015bci poprzez publikacj\u0119 nowej tre\u015bci na swojej stronie internetowej.<\/p><p>WITRYNA<\/p><p>Administrator prowadzi witryn\u0119 umo\u017cliwiaj\u0105c\u0105 kontakt i podj\u0119cie wsp\u00f3\u0142pracy pod adresem: <a href=\"http:\/\/www.victoriavynn.com\">www.victoriavynn.com<\/a>\u00a0 oraz <a href=\"http:\/\/www.pharmfoot.com\">www.pharmfoot.com<\/a><\/p><p>INNE STRONY INTERNETOWE<\/p><p>W ramach Witryny mog\u0105 pojawia\u0107 si\u0119 okresowo linki do innych stron internetowych. Takie strony internetowe dzia\u0142aj\u0105 niezale\u017cnie od Witryny i nie s\u0105 w \u017caden spos\u00f3b nadzorowane przez Administratora. Strony te mog\u0105 posiada\u0107 w\u0142asne polityki dotycz\u0105ce prywatno\u015bci, z kt\u00f3rymi zalecamy zapozna\u0107 si\u0119. Administrator nie ponosi odpowiedzialno\u015bci za zasady post\u0119powania z danymi w ramach tych stron.<\/p><p>Witryna nie pobiera w spos\u00f3b automatyczny \u017cadnych danych, z wyj\u0105tkiem danych zawartych w plikach (tj. Cookies), podczas samego korzystania z Witryny.<\/p><p>Polityka Cookies (dost\u0119pna pod hiper\u0142\u0105czem po klikni\u0119ciu <a href=\"https:\/\/salonypartnerskie.pl\/polityka-plikow-cookies-eu\/\">Polityka Cookies<\/a>) stanowi za\u0142\u0105cznik do Polityki Prywatno\u015bci, stanowi\u0105c jej integraln\u0105 cz\u0119\u015b\u0107.<\/p>\t\t\t\t\t\t<\/div>\n\t\t\t\t<\/div>\n\t\t\t\t\t<\/div>\n\t\t\t\t<\/div>\n\t\t\t\t<\/div>\n\t\t","protected":false},"excerpt":{"rendered":"<p>POLITYKA PRYWATNO\u015aCI Niniejsza Polityka prywatno\u015bci okre\u015bla zasady pobierania i gromadzenia oraz przetwarzania i wykorzystywania danych osobowych pozyskanych od Pa\u0144stwa przez VYNN GROUP Sp\u00f3\u0142ka z ograniczon\u0105 odpowiedzialno\u015bci\u0105 z siedzib\u0105 w Wilczej [&hellip;]<\/p>\n","protected":false},"author":1,"featured_media":0,"parent":0,"menu_order":0,"comment_status":"closed","ping_status":"closed","template":"","meta":{"footnotes":""},"class_list":["post-169","page","type-page","status-publish","hentry"],"aioseo_notices":[],"_links":{"self":[{"href":"https:\/\/salonypartnerskie.pl\/index.php?rest_route=\/wp\/v2\/pages\/169"}],"collection":[{"href":"https:\/\/salonypartnerskie.pl\/index.php?rest_route=\/wp\/v2\/pages"}],"about":[{"href":"https:\/\/salonypartnerskie.pl\/index.php?rest_route=\/wp\/v2\/types\/page"}],"author":[{"embeddable":true,"href":"https:\/\/salonypartnerskie.pl\/index.php?rest_route=\/wp\/v2\/users\/1"}],"replies":[{"embeddable":true,"href":"https:\/\/salonypartnerskie.pl\/index.php?rest_route=%2Fwp%2Fv2%2Fcomments&post=169"}],"version-history":[{"count":16,"href":"https:\/\/salonypartnerskie.pl\/index.php?rest_route=\/wp\/v2\/pages\/169\/revisions"}],"predecessor-version":[{"id":189,"href":"https:\/\/salonypartnerskie.pl\/index.php?rest_route=\/wp\/v2\/pages\/169\/revisions\/189"}],"wp:attachment":[{"href":"https:\/\/salonypartnerskie.pl\/index.php?rest_route=%2Fwp%2Fv2%2Fmedia&parent=169"}],"curies":[{"name":"wp","href":"https:\/\/api.w.org\/{rel}","templated":true}]}}